{"id":11184,"date":"2025-02-11T13:00:33","date_gmt":"2025-02-11T13:00:33","guid":{"rendered":"https:\/\/www.louisdewaele.be\/?post_type=realisation&#038;p=11184"},"modified":"2025-02-12T13:20:58","modified_gmt":"2025-02-12T13:20:58","slug":"institut-herlin","status":"publish","type":"realisation","link":"https:\/\/www.louisdewaele.be\/fr\/construction\/projets\/institut-herlin\/","title":{"rendered":"Institut Herlin"},"content":{"rendered":"<p>L\u2019Institut Alexandre Herlin dispense un enseignement \u00e0 des enfants dont l\u2019\u00e9tat n\u00e9cessite une prise en charge sp\u00e9cialis\u00e9e pour des raisons li\u00e9es \u00e0 leur \u00e9tat physique (type 2) ou \u00e0 leur capacit\u00e9 auditive (type 7). Face \u00e0 la croissance des besoins en R\u00e9gion Bruxelloise, il a \u00e9t\u00e9 d\u00e9cid\u00e9 d\u2019augmenter la capacit\u00e9 de l\u2019Institut de 200 places. Pour int\u00e9grer ce programme, le projet architectural red\u00e9finit le cadre de vie de l\u2019\u00e9cole sur le site en int\u00e9grant dans un ensemble fonctionnel et \u00e9volutif le b\u00e2ti existant et les extensions. Les nouveaux locaux \u2013 classes, salles de soins, hall de sport, restaurant et services \u2013 sont regroup\u00e9s le long d\u2019une rue int\u00e9rieure en lien avec les b\u00e2timents existants.<\/p>\n","protected":false},"featured_media":11185,"template":"","class_list":["post-11184","realisation","type-realisation","status-publish","has-post-thumbnail","hentry","region-bruxelles","filter-en-cours","sector-equipements","sector-neuf","type-construction"],"acf":[],"yoast_head":"<!-- This site is optimized with the Yoast SEO plugin v26.7 - https:\/\/yoast.com\/wordpress\/plugins\/seo\/ -->\n<title>Institut Herlin - Louis De Waele Construction<\/title>\n<meta name=\"robots\" content=\"index, follow, max-snippet:-1, max-image-preview:large, max-video-preview:-1\" \/>\n<link rel=\"canonical\" href=\"https:\/\/www.louisdewaele.be\/fr\/construction\/projets\/institut-herlin\/\" \/>\n<meta property=\"og:locale\" content=\"fr_FR\" \/>\n<meta property=\"og:type\" content=\"article\" \/>\n<meta property=\"og:title\" content=\"Institut Herlin - Louis De Waele Construction\" \/>\n<meta property=\"og:description\" content=\"L\u2019Institut Alexandre Herlin dispense un enseignement \u00e0 des enfants dont l\u2019\u00e9tat n\u00e9cessite une prise en charge sp\u00e9cialis\u00e9e pour des raisons li\u00e9es \u00e0 leur \u00e9tat physique (type 2) ou \u00e0 leur capacit\u00e9 auditive (type 7). Face \u00e0 la croissance des besoins en R\u00e9gion Bruxelloise, il a \u00e9t\u00e9 d\u00e9cid\u00e9 d\u2019augmenter la capacit\u00e9 de l\u2019Institut de 200 places. [&hellip;]\" \/>\n<meta property=\"og:url\" content=\"https:\/\/www.louisdewaele.be\/fr\/construction\/projets\/institut-herlin\/\" \/>\n<meta property=\"og:site_name\" content=\"Louis De Waele Construction\" \/>\n<meta property=\"article:modified_time\" content=\"2025-02-12T13:20:58+00:00\" \/>\n<meta property=\"og:image\" content=\"http:\/\/www.louisdewaele.be\/wp-content\/uploads\/2024\/11\/01-Aerea-1920x760-1.jpg\" \/>\n\t<meta property=\"og:image:width\" content=\"1920\" \/>\n\t<meta property=\"og:image:height\" content=\"760\" \/>\n\t<meta property=\"og:image:type\" content=\"image\/jpeg\" \/>\n<meta name=\"twitter:card\" content=\"summary_large_image\" \/>\n<meta name=\"twitter:label1\" content=\"Dur\u00e9e de lecture estim\u00e9e\" \/>\n\t<meta name=\"twitter:data1\" content=\"1 minute\" \/>\n<script type=\"application\/ld+json\" class=\"yoast-schema-graph\">{\"@context\":\"https:\/\/schema.org\",\"@graph\":[{\"@type\":\"WebPage\",\"@id\":\"https:\/\/www.louisdewaele.be\/fr\/construction\/projets\/institut-herlin\/\",\"url\":\"https:\/\/www.louisdewaele.be\/fr\/construction\/projets\/institut-herlin\/\",\"name\":\"Institut Herlin - Louis De Waele Construction\",\"isPartOf\":{\"@id\":\"https:\/\/www.louisdewaele.be\/fr\/#website\"},\"primaryImageOfPage\":{\"@id\":\"https:\/\/www.louisdewaele.be\/fr\/construction\/projets\/institut-herlin\/#primaryimage\"},\"image\":{\"@id\":\"https:\/\/www.louisdewaele.be\/fr\/construction\/projets\/institut-herlin\/#primaryimage\"},\"thumbnailUrl\":\"https:\/\/www.louisdewaele.be\/wp-content\/uploads\/2024\/11\/01-Aerea-1920x760-1.jpg\",\"datePublished\":\"2025-02-11T13:00:33+00:00\",\"dateModified\":\"2025-02-12T13:20:58+00:00\",\"breadcrumb\":{\"@id\":\"https:\/\/www.louisdewaele.be\/fr\/construction\/projets\/institut-herlin\/#breadcrumb\"},\"inLanguage\":\"fr-FR\",\"potentialAction\":[{\"@type\":\"ReadAction\",\"target\":[\"https:\/\/www.louisdewaele.be\/fr\/construction\/projets\/institut-herlin\/\"]}]},{\"@type\":\"ImageObject\",\"inLanguage\":\"fr-FR\",\"@id\":\"https:\/\/www.louisdewaele.be\/fr\/construction\/projets\/institut-herlin\/#primaryimage\",\"url\":\"https:\/\/www.louisdewaele.be\/wp-content\/uploads\/2024\/11\/01-Aerea-1920x760-1.jpg\",\"contentUrl\":\"https:\/\/www.louisdewaele.be\/wp-content\/uploads\/2024\/11\/01-Aerea-1920x760-1.jpg\",\"width\":1920,\"height\":760},{\"@type\":\"BreadcrumbList\",\"@id\":\"https:\/\/www.louisdewaele.be\/fr\/construction\/projets\/institut-herlin\/#breadcrumb\",\"itemListElement\":[{\"@type\":\"ListItem\",\"position\":1,\"name\":\"Home\",\"item\":\"https:\/\/www.louisdewaele.be\/fr\/\"},{\"@type\":\"ListItem\",\"position\":2,\"name\":\"Institut Herlin\"}]},{\"@type\":\"WebSite\",\"@id\":\"https:\/\/www.louisdewaele.be\/fr\/#website\",\"url\":\"https:\/\/www.louisdewaele.be\/fr\/\",\"name\":\"Louis De Waele Construction\",\"description\":\"Louis De Waele Construction\",\"potentialAction\":[{\"@type\":\"SearchAction\",\"target\":{\"@type\":\"EntryPoint\",\"urlTemplate\":\"https:\/\/www.louisdewaele.be\/fr\/?s={search_term_string}\"},\"query-input\":{\"@type\":\"PropertyValueSpecification\",\"valueRequired\":true,\"valueName\":\"search_term_string\"}}],\"inLanguage\":\"fr-FR\"}]}<\/script>\n<!-- \/ Yoast SEO plugin. -->","yoast_head_json":{"title":"Institut Herlin - Louis De Waele Construction","robots":{"index":"index","follow":"follow","max-snippet":"max-snippet:-1","max-image-preview":"max-image-preview:large","max-video-preview":"max-video-preview:-1"},"canonical":"https:\/\/www.louisdewaele.be\/fr\/construction\/projets\/institut-herlin\/","og_locale":"fr_FR","og_type":"article","og_title":"Institut Herlin - Louis De Waele Construction","og_description":"L\u2019Institut Alexandre Herlin dispense un enseignement \u00e0 des enfants dont l\u2019\u00e9tat n\u00e9cessite une prise en charge sp\u00e9cialis\u00e9e pour des raisons li\u00e9es \u00e0 leur \u00e9tat physique (type 2) ou \u00e0 leur capacit\u00e9 auditive (type 7). Face \u00e0 la croissance des besoins en R\u00e9gion Bruxelloise, il a \u00e9t\u00e9 d\u00e9cid\u00e9 d\u2019augmenter la capacit\u00e9 de l\u2019Institut de 200 places. [&hellip;]","og_url":"https:\/\/www.louisdewaele.be\/fr\/construction\/projets\/institut-herlin\/","og_site_name":"Louis De Waele Construction","article_modified_time":"2025-02-12T13:20:58+00:00","og_image":[{"width":1920,"height":760,"url":"http:\/\/www.louisdewaele.be\/wp-content\/uploads\/2024\/11\/01-Aerea-1920x760-1.jpg","type":"image\/jpeg"}],"twitter_card":"summary_large_image","twitter_misc":{"Dur\u00e9e de lecture estim\u00e9e":"1 minute"},"schema":{"@context":"https:\/\/schema.org","@graph":[{"@type":"WebPage","@id":"https:\/\/www.louisdewaele.be\/fr\/construction\/projets\/institut-herlin\/","url":"https:\/\/www.louisdewaele.be\/fr\/construction\/projets\/institut-herlin\/","name":"Institut Herlin - Louis De Waele Construction","isPartOf":{"@id":"https:\/\/www.louisdewaele.be\/fr\/#website"},"primaryImageOfPage":{"@id":"https:\/\/www.louisdewaele.be\/fr\/construction\/projets\/institut-herlin\/#primaryimage"},"image":{"@id":"https:\/\/www.louisdewaele.be\/fr\/construction\/projets\/institut-herlin\/#primaryimage"},"thumbnailUrl":"https:\/\/www.louisdewaele.be\/wp-content\/uploads\/2024\/11\/01-Aerea-1920x760-1.jpg","datePublished":"2025-02-11T13:00:33+00:00","dateModified":"2025-02-12T13:20:58+00:00","breadcrumb":{"@id":"https:\/\/www.louisdewaele.be\/fr\/construction\/projets\/institut-herlin\/#breadcrumb"},"inLanguage":"fr-FR","potentialAction":[{"@type":"ReadAction","target":["https:\/\/www.louisdewaele.be\/fr\/construction\/projets\/institut-herlin\/"]}]},{"@type":"ImageObject","inLanguage":"fr-FR","@id":"https:\/\/www.louisdewaele.be\/fr\/construction\/projets\/institut-herlin\/#primaryimage","url":"https:\/\/www.louisdewaele.be\/wp-content\/uploads\/2024\/11\/01-Aerea-1920x760-1.jpg","contentUrl":"https:\/\/www.louisdewaele.be\/wp-content\/uploads\/2024\/11\/01-Aerea-1920x760-1.jpg","width":1920,"height":760},{"@type":"BreadcrumbList","@id":"https:\/\/www.louisdewaele.be\/fr\/construction\/projets\/institut-herlin\/#breadcrumb","itemListElement":[{"@type":"ListItem","position":1,"name":"Home","item":"https:\/\/www.louisdewaele.be\/fr\/"},{"@type":"ListItem","position":2,"name":"Institut Herlin"}]},{"@type":"WebSite","@id":"https:\/\/www.louisdewaele.be\/fr\/#website","url":"https:\/\/www.louisdewaele.be\/fr\/","name":"Louis De Waele Construction","description":"Louis De Waele Construction","potentialAction":[{"@type":"SearchAction","target":{"@type":"EntryPoint","urlTemplate":"https:\/\/www.louisdewaele.be\/fr\/?s={search_term_string}"},"query-input":{"@type":"PropertyValueSpecification","valueRequired":true,"valueName":"search_term_string"}}],"inLanguage":"fr-FR"}]}},"_links":{"self":[{"href":"https:\/\/www.louisdewaele.be\/fr\/wp-json\/wp\/v2\/realisation\/11184","targetHints":{"allow":["GET"]}}],"collection":[{"href":"https:\/\/www.louisdewaele.be\/fr\/wp-json\/wp\/v2\/realisation"}],"about":[{"href":"https:\/\/www.louisdewaele.be\/fr\/wp-json\/wp\/v2\/types\/realisation"}],"wp:featuredmedia":[{"embeddable":true,"href":"https:\/\/www.louisdewaele.be\/fr\/wp-json\/wp\/v2\/media\/11185"}],"wp:attachment":[{"href":"https:\/\/www.louisdewaele.be\/fr\/wp-json\/wp\/v2\/media?parent=11184"}],"curies":[{"name":"wp","href":"https:\/\/api.w.org\/{rel}","templated":true}]}}

<p>L’Institut Alexandre Herlin dispense un enseignement à des enfants dont l’état nécessite une prise en charge spécialisée pour des raisons liées à leur état physique (type 2) ou à leur capacité auditive (type 7). Face à la croissance des besoins en Région Bruxelloise, il a été décidé d’augmenter la capacité de l’Institut de 200 places. Pour intégrer ce programme, le projet architectural redéfinit le cadre de vie de l’école sur le site en intégrant dans un ensemble fonctionnel et évolutif le bâti existant et les extensions. Les nouveaux locaux – classes, salles de soins, hall de sport, restaurant et services – sont regroupés le long d’une rue intérieure en lien avec les bâtiments existants.</p>

<!-- This site is optimized with the Yoast SEO plugin v26.7 - https://yoast.com/wordpress/plugins/seo/ -->
<title>Institut Herlin - Louis De Waele Construction</title>
<meta name="robots" content="index, follow, max-snippet:-1, max-image-preview:large, max-video-preview:-1" />
<link rel="canonical" href="https://www.louisdewaele.be/fr/construction/projets/institut-herlin/" />
<meta property="og:locale" content="fr_FR" />
<meta property="og:type" content="article" />
<meta property="og:title" content="Institut Herlin - Louis De Waele Construction" />
<meta property="og:description" content="L’Institut Alexandre Herlin dispense un enseignement à des enfants dont l’état nécessite une prise en charge spécialisée pour des raisons liées à leur état physique (type 2) ou à leur capacité auditive (type 7). Face à la croissance des besoins en Région Bruxelloise, il a été décidé d’augmenter la capacité de l’Institut de 200 places. [&hellip;]" />
<meta property="og:url" content="https://www.louisdewaele.be/fr/construction/projets/institut-herlin/" />
<meta property="og:site_name" content="Louis De Waele Construction" />
<meta property="article:modified_time" content="2025-02-12T13:20:58+00:00" />
<meta property="og:image" content="http://www.louisdewaele.be/wp-content/uploads/2024/11/01-Aerea-1920x760-1.jpg" />
	<meta property="og:image:width" content="1920" />
	<meta property="og:image:height" content="760" />
	<meta property="og:image:type" content="image/jpeg" />
<meta name="twitter:card" content="summary_large_image" />
<meta name="twitter:label1" content="Durée de lecture estimée" />
	<meta name="twitter:data1" content="1 minute" />
<script type="application/ld+json" class="yoast-schema-graph">{"@context":"https://schema.org","@graph":[{"@type":"WebPage","@id":"https://www.louisdewaele.be/fr/construction/projets/institut-herlin/","url":"https://www.louisdewaele.be/fr/construction/projets/institut-herlin/","name":"Institut Herlin - Louis De Waele Construction","isPartOf":{"@id":"https://www.louisdewaele.be/fr/#website"},"primaryImageOfPage":{"@id":"https://www.louisdewaele.be/fr/construction/projets/institut-herlin/#primaryimage"},"image":{"@id":"https://www.louisdewaele.be/fr/construction/projets/institut-herlin/#primaryimage"},"thumbnailUrl":"https://www.louisdewaele.be/wp-content/uploads/2024/11/01-Aerea-1920x760-1.jpg","datePublished":"2025-02-11T13:00:33+00:00","dateModified":"2025-02-12T13:20:58+00:00","breadcrumb":{"@id":"https://www.louisdewaele.be/fr/construction/projets/institut-herlin/#breadcrumb"},"inLanguage":"fr-FR","potentialAction":[{"@type":"ReadAction","target":["https://www.louisdewaele.be/fr/construction/projets/institut-herlin/"]}]},{"@type":"ImageObject","inLanguage":"fr-FR","@id":"https://www.louisdewaele.be/fr/construction/projets/institut-herlin/#primaryimage","url":"https://www.louisdewaele.be/wp-content/uploads/2024/11/01-Aerea-1920x760-1.jpg","contentUrl":"https://www.louisdewaele.be/wp-content/uploads/2024/11/01-Aerea-1920x760-1.jpg","width":1920,"height":760},{"@type":"BreadcrumbList","@id":"https://www.louisdewaele.be/fr/construction/projets/institut-herlin/#breadcrumb","itemListElement":[{"@type":"ListItem","position":1,"name":"Home","item":"https://www.louisdewaele.be/fr/"},{"@type":"ListItem","position":2,"name":"Institut Herlin"}]},{"@type":"WebSite","@id":"https://www.louisdewaele.be/fr/#website","url":"https://www.louisdewaele.be/fr/","name":"Louis De Waele Construction","description":"Louis De Waele Construction","potentialAction":[{"@type":"SearchAction","target":{"@type":"EntryPoint","urlTemplate":"https://www.louisdewaele.be/fr/?s={search_term_string}"},"query-input":{"@type":"PropertyValueSpecification","valueRequired":true,"valueName":"search_term_string"}}],"inLanguage":"fr-FR"}]}</script>
<!-- / Yoast SEO plugin. -->

L’Institut Alexandre Herlin dispense un enseignement à des enfants dont l’état nécessite une prise en charge spécialisée pour des raisons liées à leur état physique (type 2) ou à leur capacité auditive (type 7). Face à la croissance des besoins en Région Bruxelloise, il a été décidé d’augmenter la capacité de l’Institut de 200 places. [&hellip;]
