{"id":3186,"date":"2018-06-12T11:35:25","date_gmt":"2018-06-12T11:35:25","guid":{"rendered":"https:\/\/zq8n3avkhv.preview.infomaniak.website\/?post_type=realisation&#038;p=3186"},"modified":"2023-04-18T06:41:17","modified_gmt":"2023-04-18T06:41:17","slug":"scholen-van-morgen","status":"publish","type":"realisation","link":"https:\/\/www.louisdewaele.be\/fr\/construction\/projets\/scholen-van-morgen\/","title":{"rendered":"Scholen Van Morgen"},"content":{"rendered":"<p style=\"text-align: justify;\">Les b\u00e2timents existants ont \u00e9t\u00e9 r\u00e9nov\u00e9s au maximum et un bloc de nouveaux b\u00e2timents a \u00e9t\u00e9 rajout\u00e9. Une cuisine industrielle pour +- 1.200 \u00e9l\u00e8ves y a \u00e9t\u00e9 install\u00e9e. La superficie totale des nouvelles constructions et r\u00e9novations est d&rsquo;environ 12.000 m\u00b2.<\/p>\n<p style=\"text-align: justify;\">Les espaces r\u00e9alis\u00e9s servent principalement de salles de classes , d&rsquo;espaces r\u00e9fectoires et techniques, mais aussi d&rsquo;une salle de sport de plus de 1.000 m\u00b2.<\/p>\n","protected":false},"featured_media":3275,"template":"","class_list":["post-3186","realisation","type-realisation","status-publish","has-post-thumbnail","hentry","region-bruxelles","filter-realise","sector-equipements","sector-neuf","sector-renovation","type-construction"],"acf":[],"yoast_head":"<!-- This site is optimized with the Yoast SEO plugin v26.7 - https:\/\/yoast.com\/wordpress\/plugins\/seo\/ -->\n<title>Scholen Van Morgen - Louis De Waele Construction<\/title>\n<meta name=\"description\" content=\"En savoir plus sur ce projet r\u00e9alis\u00e9 par Louis De Waele Construction.\" \/>\n<meta name=\"robots\" content=\"index, follow, max-snippet:-1, max-image-preview:large, max-video-preview:-1\" \/>\n<link rel=\"canonical\" href=\"https:\/\/www.louisdewaele.be\/fr\/construction\/projets\/scholen-van-morgen\/\" \/>\n<meta property=\"og:locale\" content=\"fr_FR\" \/>\n<meta property=\"og:type\" content=\"article\" \/>\n<meta property=\"og:title\" content=\"Scholen Van Morgen - Louis De Waele Construction\" \/>\n<meta property=\"og:description\" content=\"En savoir plus sur ce projet r\u00e9alis\u00e9 par Louis De Waele Construction.\" \/>\n<meta property=\"og:url\" content=\"https:\/\/www.louisdewaele.be\/fr\/construction\/projets\/scholen-van-morgen\/\" \/>\n<meta property=\"og:site_name\" content=\"Louis De Waele Construction\" \/>\n<meta property=\"article:modified_time\" content=\"2023-04-18T06:41:17+00:00\" \/>\n<meta property=\"og:image\" content=\"http:\/\/www.louisdewaele.be\/wp-content\/uploads\/2018\/06\/svm-koekelberg_15-scaled.jpg\" \/>\n\t<meta property=\"og:image:width\" content=\"2560\" \/>\n\t<meta property=\"og:image:height\" content=\"1920\" \/>\n\t<meta property=\"og:image:type\" content=\"image\/jpeg\" \/>\n<meta name=\"twitter:card\" content=\"summary_large_image\" \/>\n<meta name=\"twitter:label1\" content=\"Dur\u00e9e de lecture estim\u00e9e\" \/>\n\t<meta name=\"twitter:data1\" content=\"1 minute\" \/>\n<script type=\"application\/ld+json\" class=\"yoast-schema-graph\">{\"@context\":\"https:\/\/schema.org\",\"@graph\":[{\"@type\":\"WebPage\",\"@id\":\"https:\/\/www.louisdewaele.be\/fr\/construction\/projets\/scholen-van-morgen\/\",\"url\":\"https:\/\/www.louisdewaele.be\/fr\/construction\/projets\/scholen-van-morgen\/\",\"name\":\"Scholen Van Morgen - Louis De Waele Construction\",\"isPartOf\":{\"@id\":\"https:\/\/www.louisdewaele.be\/fr\/#website\"},\"primaryImageOfPage\":{\"@id\":\"https:\/\/www.louisdewaele.be\/fr\/construction\/projets\/scholen-van-morgen\/#primaryimage\"},\"image\":{\"@id\":\"https:\/\/www.louisdewaele.be\/fr\/construction\/projets\/scholen-van-morgen\/#primaryimage\"},\"thumbnailUrl\":\"https:\/\/www.louisdewaele.be\/wp-content\/uploads\/2018\/06\/svm-koekelberg_15-scaled.jpg\",\"datePublished\":\"2018-06-12T11:35:25+00:00\",\"dateModified\":\"2023-04-18T06:41:17+00:00\",\"description\":\"En savoir plus sur ce projet r\u00e9alis\u00e9 par Louis De Waele Construction.\",\"breadcrumb\":{\"@id\":\"https:\/\/www.louisdewaele.be\/fr\/construction\/projets\/scholen-van-morgen\/#breadcrumb\"},\"inLanguage\":\"fr-FR\",\"potentialAction\":[{\"@type\":\"ReadAction\",\"target\":[\"https:\/\/www.louisdewaele.be\/fr\/construction\/projets\/scholen-van-morgen\/\"]}]},{\"@type\":\"ImageObject\",\"inLanguage\":\"fr-FR\",\"@id\":\"https:\/\/www.louisdewaele.be\/fr\/construction\/projets\/scholen-van-morgen\/#primaryimage\",\"url\":\"https:\/\/www.louisdewaele.be\/wp-content\/uploads\/2018\/06\/svm-koekelberg_15-scaled.jpg\",\"contentUrl\":\"https:\/\/www.louisdewaele.be\/wp-content\/uploads\/2018\/06\/svm-koekelberg_15-scaled.jpg\",\"width\":2560,\"height\":1920},{\"@type\":\"BreadcrumbList\",\"@id\":\"https:\/\/www.louisdewaele.be\/fr\/construction\/projets\/scholen-van-morgen\/#breadcrumb\",\"itemListElement\":[{\"@type\":\"ListItem\",\"position\":1,\"name\":\"Home\",\"item\":\"https:\/\/www.louisdewaele.be\/fr\/\"},{\"@type\":\"ListItem\",\"position\":2,\"name\":\"Scholen Van Morgen\"}]},{\"@type\":\"WebSite\",\"@id\":\"https:\/\/www.louisdewaele.be\/fr\/#website\",\"url\":\"https:\/\/www.louisdewaele.be\/fr\/\",\"name\":\"Louis De Waele Construction\",\"description\":\"Louis De Waele Construction\",\"potentialAction\":[{\"@type\":\"SearchAction\",\"target\":{\"@type\":\"EntryPoint\",\"urlTemplate\":\"https:\/\/www.louisdewaele.be\/fr\/?s={search_term_string}\"},\"query-input\":{\"@type\":\"PropertyValueSpecification\",\"valueRequired\":true,\"valueName\":\"search_term_string\"}}],\"inLanguage\":\"fr-FR\"}]}<\/script>\n<!-- \/ Yoast SEO plugin. -->","yoast_head_json":{"title":"Scholen Van Morgen - Louis De Waele Construction","description":"En savoir plus sur ce projet r\u00e9alis\u00e9 par Louis De Waele Construction.","robots":{"index":"index","follow":"follow","max-snippet":"max-snippet:-1","max-image-preview":"max-image-preview:large","max-video-preview":"max-video-preview:-1"},"canonical":"https:\/\/www.louisdewaele.be\/fr\/construction\/projets\/scholen-van-morgen\/","og_locale":"fr_FR","og_type":"article","og_title":"Scholen Van Morgen - Louis De Waele Construction","og_description":"En savoir plus sur ce projet r\u00e9alis\u00e9 par Louis De Waele Construction.","og_url":"https:\/\/www.louisdewaele.be\/fr\/construction\/projets\/scholen-van-morgen\/","og_site_name":"Louis De Waele Construction","article_modified_time":"2023-04-18T06:41:17+00:00","og_image":[{"width":2560,"height":1920,"url":"http:\/\/www.louisdewaele.be\/wp-content\/uploads\/2018\/06\/svm-koekelberg_15-scaled.jpg","type":"image\/jpeg"}],"twitter_card":"summary_large_image","twitter_misc":{"Dur\u00e9e de lecture estim\u00e9e":"1 minute"},"schema":{"@context":"https:\/\/schema.org","@graph":[{"@type":"WebPage","@id":"https:\/\/www.louisdewaele.be\/fr\/construction\/projets\/scholen-van-morgen\/","url":"https:\/\/www.louisdewaele.be\/fr\/construction\/projets\/scholen-van-morgen\/","name":"Scholen Van Morgen - Louis De Waele Construction","isPartOf":{"@id":"https:\/\/www.louisdewaele.be\/fr\/#website"},"primaryImageOfPage":{"@id":"https:\/\/www.louisdewaele.be\/fr\/construction\/projets\/scholen-van-morgen\/#primaryimage"},"image":{"@id":"https:\/\/www.louisdewaele.be\/fr\/construction\/projets\/scholen-van-morgen\/#primaryimage"},"thumbnailUrl":"https:\/\/www.louisdewaele.be\/wp-content\/uploads\/2018\/06\/svm-koekelberg_15-scaled.jpg","datePublished":"2018-06-12T11:35:25+00:00","dateModified":"2023-04-18T06:41:17+00:00","description":"En savoir plus sur ce projet r\u00e9alis\u00e9 par Louis De Waele Construction.","breadcrumb":{"@id":"https:\/\/www.louisdewaele.be\/fr\/construction\/projets\/scholen-van-morgen\/#breadcrumb"},"inLanguage":"fr-FR","potentialAction":[{"@type":"ReadAction","target":["https:\/\/www.louisdewaele.be\/fr\/construction\/projets\/scholen-van-morgen\/"]}]},{"@type":"ImageObject","inLanguage":"fr-FR","@id":"https:\/\/www.louisdewaele.be\/fr\/construction\/projets\/scholen-van-morgen\/#primaryimage","url":"https:\/\/www.louisdewaele.be\/wp-content\/uploads\/2018\/06\/svm-koekelberg_15-scaled.jpg","contentUrl":"https:\/\/www.louisdewaele.be\/wp-content\/uploads\/2018\/06\/svm-koekelberg_15-scaled.jpg","width":2560,"height":1920},{"@type":"BreadcrumbList","@id":"https:\/\/www.louisdewaele.be\/fr\/construction\/projets\/scholen-van-morgen\/#breadcrumb","itemListElement":[{"@type":"ListItem","position":1,"name":"Home","item":"https:\/\/www.louisdewaele.be\/fr\/"},{"@type":"ListItem","position":2,"name":"Scholen Van Morgen"}]},{"@type":"WebSite","@id":"https:\/\/www.louisdewaele.be\/fr\/#website","url":"https:\/\/www.louisdewaele.be\/fr\/","name":"Louis De Waele Construction","description":"Louis De Waele Construction","potentialAction":[{"@type":"SearchAction","target":{"@type":"EntryPoint","urlTemplate":"https:\/\/www.louisdewaele.be\/fr\/?s={search_term_string}"},"query-input":{"@type":"PropertyValueSpecification","valueRequired":true,"valueName":"search_term_string"}}],"inLanguage":"fr-FR"}]}},"_links":{"self":[{"href":"https:\/\/www.louisdewaele.be\/fr\/wp-json\/wp\/v2\/realisation\/3186","targetHints":{"allow":["GET"]}}],"collection":[{"href":"https:\/\/www.louisdewaele.be\/fr\/wp-json\/wp\/v2\/realisation"}],"about":[{"href":"https:\/\/www.louisdewaele.be\/fr\/wp-json\/wp\/v2\/types\/realisation"}],"wp:featuredmedia":[{"embeddable":true,"href":"https:\/\/www.louisdewaele.be\/fr\/wp-json\/wp\/v2\/media\/3275"}],"wp:attachment":[{"href":"https:\/\/www.louisdewaele.be\/fr\/wp-json\/wp\/v2\/media?parent=3186"}],"curies":[{"name":"wp","href":"https:\/\/api.w.org\/{rel}","templated":true}]}}

<p style="text-align: justify;">Les bâtiments existants ont été rénovés au maximum et un bloc de nouveaux bâtiments a été rajouté. Une cuisine industrielle pour +- 1.200 élèves y a été installée. La superficie totale des nouvelles constructions et rénovations est d&rsquo;environ 12.000 m².</p>
<p style="text-align: justify;">Les espaces réalisés servent principalement de salles de classes , d&rsquo;espaces réfectoires et techniques, mais aussi d&rsquo;une salle de sport de plus de 1.000 m².</p>

<!-- This site is optimized with the Yoast SEO plugin v26.7 - https://yoast.com/wordpress/plugins/seo/ -->
<title>Scholen Van Morgen - Louis De Waele Construction</title>
<meta name="description" content="En savoir plus sur ce projet réalisé par Louis De Waele Construction." />
<meta name="robots" content="index, follow, max-snippet:-1, max-image-preview:large, max-video-preview:-1" />
<link rel="canonical" href="https://www.louisdewaele.be/fr/construction/projets/scholen-van-morgen/" />
<meta property="og:locale" content="fr_FR" />
<meta property="og:type" content="article" />
<meta property="og:title" content="Scholen Van Morgen - Louis De Waele Construction" />
<meta property="og:description" content="En savoir plus sur ce projet réalisé par Louis De Waele Construction." />
<meta property="og:url" content="https://www.louisdewaele.be/fr/construction/projets/scholen-van-morgen/" />
<meta property="og:site_name" content="Louis De Waele Construction" />
<meta property="article:modified_time" content="2023-04-18T06:41:17+00:00" />
<meta property="og:image" content="http://www.louisdewaele.be/wp-content/uploads/2018/06/svm-koekelberg_15-scaled.jpg" />
	<meta property="og:image:width" content="2560" />
	<meta property="og:image:height" content="1920" />
	<meta property="og:image:type" content="image/jpeg" />
<meta name="twitter:card" content="summary_large_image" />
<meta name="twitter:label1" content="Durée de lecture estimée" />
	<meta name="twitter:data1" content="1 minute" />
<script type="application/ld+json" class="yoast-schema-graph">{"@context":"https://schema.org","@graph":[{"@type":"WebPage","@id":"https://www.louisdewaele.be/fr/construction/projets/scholen-van-morgen/","url":"https://www.louisdewaele.be/fr/construction/projets/scholen-van-morgen/","name":"Scholen Van Morgen - Louis De Waele Construction","isPartOf":{"@id":"https://www.louisdewaele.be/fr/#website"},"primaryImageOfPage":{"@id":"https://www.louisdewaele.be/fr/construction/projets/scholen-van-morgen/#primaryimage"},"image":{"@id":"https://www.louisdewaele.be/fr/construction/projets/scholen-van-morgen/#primaryimage"},"thumbnailUrl":"https://www.louisdewaele.be/wp-content/uploads/2018/06/svm-koekelberg_15-scaled.jpg","datePublished":"2018-06-12T11:35:25+00:00","dateModified":"2023-04-18T06:41:17+00:00","description":"En savoir plus sur ce projet réalisé par Louis De Waele Construction.","breadcrumb":{"@id":"https://www.louisdewaele.be/fr/construction/projets/scholen-van-morgen/#breadcrumb"},"inLanguage":"fr-FR","potentialAction":[{"@type":"ReadAction","target":["https://www.louisdewaele.be/fr/construction/projets/scholen-van-morgen/"]}]},{"@type":"ImageObject","inLanguage":"fr-FR","@id":"https://www.louisdewaele.be/fr/construction/projets/scholen-van-morgen/#primaryimage","url":"https://www.louisdewaele.be/wp-content/uploads/2018/06/svm-koekelberg_15-scaled.jpg","contentUrl":"https://www.louisdewaele.be/wp-content/uploads/2018/06/svm-koekelberg_15-scaled.jpg","width":2560,"height":1920},{"@type":"BreadcrumbList","@id":"https://www.louisdewaele.be/fr/construction/projets/scholen-van-morgen/#breadcrumb","itemListElement":[{"@type":"ListItem","position":1,"name":"Home","item":"https://www.louisdewaele.be/fr/"},{"@type":"ListItem","position":2,"name":"Scholen Van Morgen"}]},{"@type":"WebSite","@id":"https://www.louisdewaele.be/fr/#website","url":"https://www.louisdewaele.be/fr/","name":"Louis De Waele Construction","description":"Louis De Waele Construction","potentialAction":[{"@type":"SearchAction","target":{"@type":"EntryPoint","urlTemplate":"https://www.louisdewaele.be/fr/?s={search_term_string}"},"query-input":{"@type":"PropertyValueSpecification","valueRequired":true,"valueName":"search_term_string"}}],"inLanguage":"fr-FR"}]}</script>
<!-- / Yoast SEO plugin. -->

En savoir plus sur ce projet réalisé par Louis De Waele Construction.
